{"id":17,"date":"2024-09-29T22:19:18","date_gmt":"2024-09-29T20:19:18","guid":{"rendered":"https:\/\/ivagatoursbanios.com\/blog\/?page_id=17"},"modified":"2024-10-01T18:39:17","modified_gmt":"2024-10-01T16:39:17","slug":"casa-del-arbol","status":"publish","type":"page","link":"https:\/\/ivagatoursbanios.com\/blog\/casa-del-arbol\/","title":{"rendered":"Blog Gu\u00eda Tur\u00edstica"},"content":{"rendered":"\n<h2 class=\"wp-block-heading\" id=\"h-como-llegar-a-la-casa-del-arbol\">\u00bfC\u00f3mo llegar a la Casa del \u00c1rbol?<\/h2>\n\n\n\n<div class=\"wp-block-media-text alignwide is-stacked-on-mobile\" style=\"grid-template-columns:49% auto\"><figure class=\"wp-block-media-text__media\"><img loading=\"lazy\" decoding=\"async\" width=\"1024\" height=\"768\" src=\"https:\/\/ivagatoursbanios.com\/blog\/wp-content\/uploads\/2024\/09\/f13fbaa7-7c0f-4087-98a8-9df240367672-1024x768.jpg\" alt=\"\" class=\"wp-image-20 size-full\" srcset=\"https:\/\/ivagatoursbanios.com\/blog\/wp-content\/uploads\/2024\/09\/f13fbaa7-7c0f-4087-98a8-9df240367672-1024x768.jpg 1024w, https:\/\/ivagatoursbanios.com\/blog\/wp-content\/uploads\/2024\/09\/f13fbaa7-7c0f-4087-98a8-9df240367672-600x450.jpg 600w, https:\/\/ivagatoursbanios.com\/blog\/wp-content\/uploads\/2024\/09\/f13fbaa7-7c0f-4087-98a8-9df240367672-300x225.jpg 300w, https:\/\/ivagatoursbanios.com\/blog\/wp-content\/uploads\/2024\/09\/f13fbaa7-7c0f-4087-98a8-9df240367672-768x576.jpg 768w, https:\/\/ivagatoursbanios.com\/blog\/wp-content\/uploads\/2024\/09\/f13fbaa7-7c0f-4087-98a8-9df240367672-1536x1152.jpg 1536w, https:\/\/ivagatoursbanios.com\/blog\/wp-content\/uploads\/2024\/09\/f13fbaa7-7c0f-4087-98a8-9df240367672.jpg 1600w\" sizes=\"auto, (max-width: 1024px) 100vw, 1024px\" \/><\/figure><div class=\"wp-block-media-text__content\">\n<p>Aqu\u00ed podr\u00e1s encontrar el columpio del fin del mundo, conocido por la asombrosa fotograf\u00eda tomada en ese lugar. Uno de los lugares m\u00e1s visitados. Dentro de este encontrar\u00e1s diferentes actividades y spots fotogr\u00e1ficos. <\/p>\n\n\n\n<p><strong>Costo y horarios<\/strong><\/p>\n\n\n\n<p>El costo de la entrada es de $1 por persona, con los siguientes horarios de atenci\u00f3n desde 07:00 hasta las 19h00.<\/p>\n\n\n\n<pre class=\"wp-block-preformatted\"><strong>\u00bfC\u00f3mo llegar?<\/strong>\nPuedes tomar un bus en la parada que se encuentra en las calles Pastaza y Vicente Rocafuerte, esquina. \nHorarios de Salida: 05H45 - 11H00 - 14H00 - 16H00\nHorarios de retorno: 08H00 - 13H00 - 16H00 - 18H00.\n<\/pre>\n<\/div><\/div>\n\n\n\n<h2 class=\"wp-block-heading\" id=\"h-pasarela-diamante\">Pasarela Diamante<\/h2>\n\n\n\n<div class=\"wp-block-media-text alignwide is-stacked-on-mobile\" style=\"grid-template-columns:49% auto\"><figure class=\"wp-block-media-text__media\"><img loading=\"lazy\" decoding=\"async\" width=\"1024\" height=\"768\" src=\"https:\/\/ivagatoursbanios.com\/blog\/wp-content\/uploads\/2024\/09\/cf1aead9-f5b0-49e7-8cf1-d5c9095b2f80-1-1024x768.jpg\" alt=\"\" class=\"wp-image-28 size-full\" srcset=\"https:\/\/ivagatoursbanios.com\/blog\/wp-content\/uploads\/2024\/09\/cf1aead9-f5b0-49e7-8cf1-d5c9095b2f80-1-1024x768.jpg 1024w, https:\/\/ivagatoursbanios.com\/blog\/wp-content\/uploads\/2024\/09\/cf1aead9-f5b0-49e7-8cf1-d5c9095b2f80-1-600x450.jpg 600w, https:\/\/ivagatoursbanios.com\/blog\/wp-content\/uploads\/2024\/09\/cf1aead9-f5b0-49e7-8cf1-d5c9095b2f80-1-300x225.jpg 300w, https:\/\/ivagatoursbanios.com\/blog\/wp-content\/uploads\/2024\/09\/cf1aead9-f5b0-49e7-8cf1-d5c9095b2f80-1-768x576.jpg 768w, https:\/\/ivagatoursbanios.com\/blog\/wp-content\/uploads\/2024\/09\/cf1aead9-f5b0-49e7-8cf1-d5c9095b2f80-1-1536x1152.jpg 1536w, https:\/\/ivagatoursbanios.com\/blog\/wp-content\/uploads\/2024\/09\/cf1aead9-f5b0-49e7-8cf1-d5c9095b2f80-1.jpg 1600w\" sizes=\"auto, (max-width: 1024px) 100vw, 1024px\" \/><\/figure><div class=\"wp-block-media-text__content\">\n<p>Disfruta de una vista panor\u00e1mica de la ciudad de Ba\u00f1os, la pasarela de diamante es una plataforma colgante de cristal, siendo una de las m\u00e1s altas en el mundo, adem\u00e1s en este lugar encontraras un columpio gigante denominado Fantas\u00edas de volar.<\/p>\n\n\n\n<p><strong>Costo y horarios<\/strong><\/p>\n\n\n\n<p>El costo de la entrada a la pasarela es de $5 adultos y $3 ni\u00f1os. Si es que deseas subirte al columpio tiene un costo adicional de $10.Su horario de atenci\u00f3n es de lunes a domingo de 8H30 a 20H00.<\/p>\n\n\n\n<pre class=\"wp-block-preformatted\"><strong>\u00bfC\u00f3mo llegar?<\/strong><br>Puedes tomar un bus en la parada que se encuentra en las calles Pastaza y Vicente Rocafuerte, esquina. <br>Horarios de Salida: 05H45 - 11H00 - 14H00 - 16H00<br>Horarios de retorno: 08H00 - 13H00 - 16H00 - 18H00.<\/pre>\n<\/div><\/div>\n\n\n\n<h2 class=\"wp-block-heading\" id=\"h-pailon-del-diablo\">Pail\u00f3n del diablo <\/h2>\n\n\n\n<div class=\"wp-block-media-text alignwide is-stacked-on-mobile\" style=\"grid-template-columns:49% auto\"><figure class=\"wp-block-media-text__media\"><img loading=\"lazy\" decoding=\"async\" width=\"768\" height=\"1024\" src=\"https:\/\/ivagatoursbanios.com\/blog\/wp-content\/uploads\/2024\/09\/80b6fa2e-6158-4cad-93c4-b4af56cdf2e6-768x1024.jpg\" alt=\"\" class=\"wp-image-44 size-full\" srcset=\"https:\/\/ivagatoursbanios.com\/blog\/wp-content\/uploads\/2024\/09\/80b6fa2e-6158-4cad-93c4-b4af56cdf2e6-768x1024.jpg 768w, https:\/\/ivagatoursbanios.com\/blog\/wp-content\/uploads\/2024\/09\/80b6fa2e-6158-4cad-93c4-b4af56cdf2e6-600x800.jpg 600w, https:\/\/ivagatoursbanios.com\/blog\/wp-content\/uploads\/2024\/09\/80b6fa2e-6158-4cad-93c4-b4af56cdf2e6-225x300.jpg 225w, https:\/\/ivagatoursbanios.com\/blog\/wp-content\/uploads\/2024\/09\/80b6fa2e-6158-4cad-93c4-b4af56cdf2e6-1152x1536.jpg 1152w, https:\/\/ivagatoursbanios.com\/blog\/wp-content\/uploads\/2024\/09\/80b6fa2e-6158-4cad-93c4-b4af56cdf2e6.jpg 1200w\" sizes=\"auto, (max-width: 768px) 100vw, 768px\" \/><\/figure><div class=\"wp-block-media-text__content\">\n<p>Una cascada de 80 metros de altura, se puede caminar a trav\u00e9s de unas escaleras para poder admirar de cerca esta impresionante ca\u00edda de agua. Te preguntaras a que se debe su nombre y este es debido que crea naturalmente una forma de pail\u00f3n, otra de sus leyendas es que la cascada forma facciones del diablo. Una de las cascadas m\u00e1s impresionantes del Ecuador, cuenta con una ruta larga y corta.<\/p>\n\n\n\n<p><strong>Costo <\/strong><\/p>\n\n\n\n<p>El costo de la entrada para la ruta larga es de $3 en el d\u00eda y $5 en la noche.                                                                                                             El costo para la ruta corta es de $3 adultos y $2 ni\u00f1os, tanto en el d\u00eda y la noche.<\/p>\n\n\n\n<pre class=\"wp-block-preformatted\"><strong>\u00bfC\u00f3mo llegar?<\/strong><br>Puedes tomar un autobus en la esquina de la calle Eloy Alfaro, el bus sale cada 15 minutos y recorre la ruta Ulba, Parque de la familia, Agoyan, Manto de la Novia, R\u00edo Verde, Pailon del Diablo.<\/pre>\n<\/div><\/div>\n","protected":false},"excerpt":{"rendered":"<p>\u00bfC\u00f3mo llegar a la Casa del \u00c1rbol? Aqu\u00ed podr\u00e1s encontrar el columpio del fin del mundo, conocido por la asombrosa fotograf\u00eda tomada en ese lugar. Uno de los lugares m\u00e1s visitados. Dentro de este encontrar\u00e1s diferentes actividades y spots fotogr\u00e1ficos. Costo y horarios El costo de la entrada es de $1 por persona, con los&#8230;<\/p>\n","protected":false},"author":1,"featured_media":0,"parent":0,"menu_order":0,"comment_status":"closed","ping_status":"closed","template":"","meta":{"_kadence_starter_templates_imported_post":false,"_kad_post_transparent":"","_kad_post_title":"","_kad_post_layout":"","_kad_post_sidebar_id":"","_kad_post_content_style":"","_kad_post_vertical_padding":"","_kad_post_feature":"","_kad_post_feature_position":"","_kad_post_header":false,"_kad_post_footer":false,"_kad_post_classname":"","footnotes":""},"class_list":["post-17","page","type-page","status-publish","hentry"],"_links":{"self":[{"href":"https:\/\/ivagatoursbanios.com\/blog\/wp-json\/wp\/v2\/pages\/17","targetHints":{"allow":["GET"]}}],"collection":[{"href":"https:\/\/ivagatoursbanios.com\/blog\/wp-json\/wp\/v2\/pages"}],"about":[{"href":"https:\/\/ivagatoursbanios.com\/blog\/wp-json\/wp\/v2\/types\/page"}],"author":[{"embeddable":true,"href":"https:\/\/ivagatoursbanios.com\/blog\/wp-json\/wp\/v2\/users\/1"}],"replies":[{"embeddable":true,"href":"https:\/\/ivagatoursbanios.com\/blog\/wp-json\/wp\/v2\/comments?post=17"}],"version-history":[{"count":9,"href":"https:\/\/ivagatoursbanios.com\/blog\/wp-json\/wp\/v2\/pages\/17\/revisions"}],"predecessor-version":[{"id":182,"href":"https:\/\/ivagatoursbanios.com\/blog\/wp-json\/wp\/v2\/pages\/17\/revisions\/182"}],"wp:attachment":[{"href":"https:\/\/ivagatoursbanios.com\/blog\/wp-json\/wp\/v2\/media?parent=17"}],"curies":[{"name":"wp","href":"https:\/\/api.w.org\/{rel}","templated":true}]}}