{"id":175,"date":"2024-10-01T18:34:03","date_gmt":"2024-10-01T16:34:03","guid":{"rendered":"https:\/\/ivagatoursbanios.com\/blog\/?page_id=175"},"modified":"2024-10-01T18:37:07","modified_gmt":"2024-10-01T16:37:07","slug":"donde-comprar-recuerdos","status":"publish","type":"page","link":"https:\/\/ivagatoursbanios.com\/blog\/donde-comprar-recuerdos\/","title":{"rendered":"\u00bfD\u00f3nde comprar recuerdos?"},"content":{"rendered":"\n<div class=\"wp-block-media-text is-stacked-on-mobile\"><figure class=\"wp-block-media-text__media\"><img loading=\"lazy\" decoding=\"async\" width=\"1000\" height=\"667\" src=\"https:\/\/ivagatoursbanios.com\/blog\/wp-content\/uploads\/2024\/10\/Banos-souvenirs.jpg\" alt=\"\" class=\"wp-image-180 size-full\" srcset=\"https:\/\/ivagatoursbanios.com\/blog\/wp-content\/uploads\/2024\/10\/Banos-souvenirs.jpg 1000w, https:\/\/ivagatoursbanios.com\/blog\/wp-content\/uploads\/2024\/10\/Banos-souvenirs-600x400.jpg 600w, https:\/\/ivagatoursbanios.com\/blog\/wp-content\/uploads\/2024\/10\/Banos-souvenirs-300x200.jpg 300w, https:\/\/ivagatoursbanios.com\/blog\/wp-content\/uploads\/2024\/10\/Banos-souvenirs-768x512.jpg 768w\" sizes=\"auto, (max-width: 1000px) 100vw, 1000px\" \/><\/figure><div class=\"wp-block-media-text__content\">\n<p>En el centro de Ba\u00f1os encontrar\u00e1s el pasaje Ermitas de la virgen ubicada en la calle Ambato junto al mercado central de Ba\u00f1os, d\u00f3nde se ubican varios puestos artesanales donde encontraras pulseras hechas a mano, cadenas, pinturas, cuadros, llaveros, centros de mesa, juguetes y una infinidad de artesan\u00edas hechas artesanalmente por manos talentosas.<\/p>\n<\/div><\/div>\n\n\n\n<p>Es una gran opci\u00f3n como recuerdos que tambi\u00e9n te servir\u00e1n como regalo para cualquier ocasi\u00f3n especial, ya que existe una infinidad de cosas para todos los gustos realizados con diferentes materiales y colores. Ahora ya conoces donde puedes comprar si vienes a Ba\u00f1os<\/p>\n","protected":false},"excerpt":{"rendered":"<p>En el centro de Ba\u00f1os encontrar\u00e1s el pasaje Ermitas de la virgen ubicada en la calle Ambato junto al mercado central de Ba\u00f1os, d\u00f3nde se ubican varios puestos artesanales donde encontraras pulseras hechas a mano, cadenas, pinturas, cuadros, llaveros, centros de mesa, juguetes y una infinidad de artesan\u00edas hechas artesanalmente por manos talentosas. Es una&#8230;<\/p>\n","protected":false},"author":1,"featured_media":0,"parent":0,"menu_order":0,"comment_status":"closed","ping_status":"closed","template":"","meta":{"_kadence_starter_templates_imported_post":false,"_kad_post_transparent":"","_kad_post_title":"","_kad_post_layout":"","_kad_post_sidebar_id":"","_kad_post_content_style":"","_kad_post_vertical_padding":"","_kad_post_feature":"","_kad_post_feature_position":"","_kad_post_header":false,"_kad_post_footer":false,"_kad_post_classname":"","footnotes":""},"class_list":["post-175","page","type-page","status-publish","hentry"],"_links":{"self":[{"href":"https:\/\/ivagatoursbanios.com\/blog\/wp-json\/wp\/v2\/pages\/175","targetHints":{"allow":["GET"]}}],"collection":[{"href":"https:\/\/ivagatoursbanios.com\/blog\/wp-json\/wp\/v2\/pages"}],"about":[{"href":"https:\/\/ivagatoursbanios.com\/blog\/wp-json\/wp\/v2\/types\/page"}],"author":[{"embeddable":true,"href":"https:\/\/ivagatoursbanios.com\/blog\/wp-json\/wp\/v2\/users\/1"}],"replies":[{"embeddable":true,"href":"https:\/\/ivagatoursbanios.com\/blog\/wp-json\/wp\/v2\/comments?post=175"}],"version-history":[{"count":2,"href":"https:\/\/ivagatoursbanios.com\/blog\/wp-json\/wp\/v2\/pages\/175\/revisions"}],"predecessor-version":[{"id":181,"href":"https:\/\/ivagatoursbanios.com\/blog\/wp-json\/wp\/v2\/pages\/175\/revisions\/181"}],"wp:attachment":[{"href":"https:\/\/ivagatoursbanios.com\/blog\/wp-json\/wp\/v2\/media?parent=175"}],"curies":[{"name":"wp","href":"https:\/\/api.w.org\/{rel}","templated":true}]}}